. Suppose 2*m - f = 3. Let i = 3 + m. What is the units digit of i?
7
Let a(y) = y**2 + 19*y - 3. Let u be a(-5). Let s = 108 + u. What is the units digit of s?
5
Let i(p) = 46*p + 6. Let d(c) = c**3 + 5*c**2 - 4*c + 14. Let q be d(-6). What is the units digit of i(q)?
8
Let l be 14/2*1*-3. Suppose -2*s + 2*u = 56, -57 = 3*s - s - 3*u. Let o = l - s. What is the units digit of o?
6
Suppose -34*q = -29*q - 185. Let s = 2 + 10. Suppose -5*y = -q + s. What is the units digit of y?
5
Let j = -2 - 0. Let c(n) = -2*n**3 - n**2 - 2*n. Let o be c(j). What is the units digit of 4/(-14) - o/(-7)?
2
What is the hundreds digit of 933 - -1*9/(-9)?
9
Suppose -20*u - 7130 = -23390. What is the units digit of u?
3
Suppose -4*z - 12 = 2*u, -u - 3*z = -6*u + 22. Let c(t) = -t + 4. Let g be c(u). Suppose d - 2 = -d, y - 25 = g*d. What is the units digit of y?
7
Suppose 0 = -5*d + 72 + 73. What is the units digit of d?
9
Let x be ((-8)/6 - -2)*6. Suppose 12*t = 3*t + 54. Suppose -140 = -t*s + x*s. What is the units digit of s?
0
Let z be 30/10*14/(-6). Let t = 7 - z. What is the tens digit of t?
1
Let r = -17 + 25. Suppose -r = -8*l + 6*l. Suppose -c = -3*v - 19, -5*v = -2*c - l*v + 18. What is the units digit of c?
7
Suppose 69223 + 5261 = 12*a. What is the thousands digit of a?
6
Let h(a) = 48*a**2 - 2*a + 4. What is the tens digit of h(-3)?
4
Let k = 14 + -19. Let o(g) = g**2 + 3*g - 5. Let a be o(k). Suppose 0 = 4*s + a*x - 122, 2*x = -3*s - x + 90. What is the units digit of s?
8
Let w(h) = -h**2 - 8*h + 1. Let b be w(-7). Suppose 0 = n + 3*q + 1 - b, -4*n = -3*q - 13. Suppose n = c - 5. What is the units digit of c?
9
Let g = 4825 + -838. What is the tens digit of g?
8
Let l(f) = f**3 + 4*f**2 - 5*f + 5. Let m be l(-5). Suppose m*a + 2*o - 704 = 0, -5*o - 72 = -a + 58. What is the units digit of a?
0
Suppose 5*p - 4*f + 2770 - 10087 = 0, -3*f - 9 = 0. What is the hundreds digit of p?
4
Let r = 98 + 1477. What is the thousands digit of r?
1
Let f(z) = z**2 + 4*z + 20. Suppose 5*r - 30 = -r. Let l be (-44)/r + (-3)/15. What is the units digit of f(l)?
5
Let c be 4/16 - 11/(-4). What is the units digit of 356/8 + c/(-6)?
4
Let q be (-1 - 2)*(-8)/12. Suppose -7 - q = -3*h. What is the units digit of (2 - (h + -42)) + 4?
5
Let v = 2307 - 570. What is the hundreds digit of v?
7
Suppose -11*b + 1456 = -623. Let k = b + -128. What is the tens digit of k?
6
Let p(s) = -2*s**2 - s**2 - 12 - 19*s + 2*s**2 + 66. What is the units digit of p(-17)?
8
Suppose 0 = -20*f - 94*f + 386118. What is the tens digit of f?
8
Let n(q) = 19*q + 1069. What is the tens digit of n(47)?
6
Let z be 39/9 - 4 - (-185)/3. Suppose -8*t + 1002 = -z. What is the hundreds digit of t?
1
Suppose -3*h = 2*h - 5. Let l = 3 + h. Suppose l*j - 5 - 87 = 0. What is the tens digit of j?
2
Let q = -2194 - -4627. What is the tens digit of q?
3
What is the units digit of 6344/10 + -3 + (-26)/(-10)?
4
Let w(i) = -i**3 + 1. Suppose 2 - 1 = p. Let u be w(p). Suppose -g + 5*m = g - 22, 2*g + 3*m - 22 = u. What is the units digit of g?
1
Let g(q) = -16*q + 2. Let x be g(6). Let s = 140 + x. What is the tens digit of s?
4
Let o = -166 - -309. What is the units digit of o?
3
Suppose 0 = -5*a - s + 21187, -5*s - 8 - 7 = 0. What is the tens digit of a?
3
Let o = -111 - -116. Let s = o - -86. What is the units digit of s?
1
Suppose 0 = 3*b - 9, -11*a - b = -6*a - 2118. What is the hundreds digit of a?
4
Let g(w) = 2*w**3 - 13*w**2 + 21*w + 23. Let n(o) = -3*o**3 + 19*o**2 - 32*o - 35. Let k(a) = 8*g(a) + 5*n(a). What is the units digit of k(8)?
9
Let r(f) = f**2 - 6*f + 15. Let y be r(6). Suppose y = x - 56. What is the units digit of x?
1
Let v be (-2)/(-4)*(-2 + 180). Let a = 134 - v. What is the tens digit of a?
4
Let l(r) = 19*r**3 + 3*r**2 - 2*r. Let o be l(1). What is the units digit of 8*(-5)/(o/(-6))?
2
Let f(p) = 8*p**3 + 6*p + 2. Let i = 38 - 35. What is the units digit of f(i)?
6
Let o = 2334 + -1540. What is the hundreds digit of o?
7
Suppose 2*v + 3254 = 3*w, -w + 1078 = -0*v + v. What is the hundreds digit of w?
0
Suppose 0 = -0*a + a. Let q be a/(-5 + 3 - 0). Suppose -5*b + 20 + 10 = q. What is the units digit of b?
6
Suppose 2*s + 0*i - 932 = 2*i, 5*s + 2*i = 2316. What is the tens digit of s?
6
Let l(b) = -6*b - 1. Let o be l(-1). Let g(d) = d**3 + d**2 - d + 100 - 89 - 6*d**2. What is the units digit of g(o)?
6
Let p(a) = -89*a - 31. What is the units digit of p(-9)?
0
Let l be (-3)/(18/30) + 22. Suppose -3*j - l + 605 = 0. What is the hundreds digit of j?
1
Suppose -2*a - 2*n - n + 19 = 0, 2*n = 5*a. Suppose 4*g = 2*f + 6, 3*g = -2*g - a*f + 21. Suppose -g*z = -0*z - 21. What is the units digit of z?
7
Suppose 6*y = 5*y. Suppose -7*q + 1841 = -0*q. Suppose 2*x + 4*r - 142 = y, -4*x + 8*x + r = q. What is the units digit of x?
5
Let l be ((-2)/(8/284))/(-1). Let n be 92/8 - (-2)/4. Let y = l - n. What is the units digit of y?
9
Let s(u) = 8 - u**2 + 0*u - 15 - 4*u - 8*u. What is the units digit of s(-8)?
5
Suppose -392 = -n + 185. What is the hundreds digit of n?
5
Let x(h) be the third derivative of h**5/20 - h**4/8 - 22*h**3/3 - 36*h**2. What is the tens digit of x(7)?
8
Suppose -k = -2*i + 3*k - 4, -5*i + 3*k = 3. Let u(j) = j**2 + j + 135. What is the units digit of u(i)?
5
Let h be -1*((-2)/3 - (-21)/(-9)). Suppose 4*x - h*x + 5*c = 4, -c - 5 = 0. What is the tens digit of x?
2
Let q(g) = g**3 + 3*g**2 + 3*g + 505. What is the tens digit of q(0)?
0
Suppose -3*w = w + 36. Let o(v) be the first derivative of -v**4/4 - 3*v**3 - v**2/2 - 2*v + 4. What is the units digit of o(w)?
7
Let d = -14 + 18. Let k = d + 2. What is the units digit of k?
6
Let u(a) = -a**2 - 12*a + 29. Let s be u(-15). Let r(t) = -t**3 - 16*t**2 - 2*t + 30. What is the units digit of r(s)?
2
Suppose 5*z = -u + 913, 1812 = -u + 3*u - 4*z. What is the hundreds digit of u?
9
Let t(u) = 4*u**2 + 3*u - 18. What is the tens digit of t(-28)?
3
Suppose -4*p - 2605 = -3*v - 5*p, -12 = -3*p. What is the hundreds digit of v?
8
Let q(a) = -488*a - 5. Let g be q(-1). Suppose 0 = -m + 4*m - g. What is the tens digit of m?
6
What is the hundreds digit of (-1)/9 + (-53312)/(-126)?
4
Let t be ((-11)/22)/((-1)/16). Suppose 0*z - 2*z - 3*x = -t, -2*z + 16 = x. What is the units digit of z?
0
Let s(o) = 2*o**2 + 1. Let c(k) = k**2 + k + 2. Let u be c(-2). Suppose 0 = f + 3*p + 3, 2*f + p - u + 0 = 0. What is the tens digit of s(f)?
1
What is the hundreds digit of 330/(-880) + 13251/8?
6
Let o(l) = 19*l + 0*l - l**2 - 14 - 6*l + 5. Let q be o(16). What is the tens digit of 4/(-6) - 2888/q?
5
Suppose 5*l = 5*f + 4 - 39, 3*f + 11 = -5*l. Suppose -2*d - f*d = -465. Suppose 5*w + 0*k = 3*k + d, 0 = 3*w + 2*k - 71. What is the units digit of w?
1
Suppose -5*d - 128 = -43. Let x = d - 10. What is the units digit of x/(-2)*(-48)/(-72)?
9
Let c(a) be the third derivative of 11*a**4/12 + 5*a**3 + 15*a**2. What is the units digit of c(4)?
8
What is the hundreds digit of ((-62)/(-4) - 14)/((-6)/(-2936))?
7
Suppose -3*z = -5*r + 36, -4*z + 0 + 21 = r. Suppose 0 = f - r - 21. Suppose -85 = -3*j - 2*t, 0 = 2*j + 2*t - 28 - f. What is the tens digit of j?
2
Suppose 2*w - 228 = -2*q - 2*q, 0 = 3*q + 5*w - 185. Let j = q + -22. What is the units digit of j?
3
Suppose -608 = 9*k - k. Let r = k + 217. What is the hundreds digit of r?
1
Let i = -102 + 186. Suppose 3*h = -3*u + i, 0 = -2*h + 4*h - 2*u - 52. What is the tens digit of h?
2
Let n(d) = 11*d - 1. Let p(h) = -32*h + 2. Let x(o) = 7*n(o) + 2*p(o). Let g be x(3). What is the units digit of (-12)/g*63/(-1)?
1
What is the hundreds digit of 8/((-64)/68)*(2 + -88)?
7
Suppose -5*v = -59 - 111. Let r be 1/(1/(-19) + 0). Let p = v - r. What is the tens digit of p?
5
Suppose -1 = 2*f - 9. Let m = 16 + -7. What is the units digit of 1*m/12*f?
3
Let r = 1414 + -857. What is the hundreds digit of r?
5
Let h = -160 - -162. What is the units digit of h?
2
Let w(b) = -b**2 + 4*b + 6. Let h be w(-3). Let t = -9 - h. Let g = t + 7. What is the units digit of g?
3
Let z(w) = -11*w - 112. Let p(n) = -12*n - 112. Let h(r) = 5*p(r) - 6*z(r). What is the hundreds digit of h(0)?
1
Suppose 84*f + 5915 = 91*f. What is the hundreds digit of f?
8
Let p(y) be the first derivative of y**4/4 - y**3 - y**2/2 - 2*y - 14. What is the 